{"id":50,"date":"2018-11-28T11:29:15","date_gmt":"2018-11-28T10:29:15","guid":{"rendered":"http:\/\/pomoztenampomahat.cz\/?page_id=50"},"modified":"2019-01-10T12:59:21","modified_gmt":"2019-01-10T11:59:21","slug":"o-projektu","status":"publish","type":"page","link":"https:\/\/pomoztenampomahat.cz\/?page_id=50","title":{"rendered":"O projektu"},"content":{"rendered":"<p>\u00da\u010delem projektu je <strong>zrekonstruov\u00e1n\u00ed st\u00e1vaj\u00edc\u00edho azylov\u00e9ho domu pro maminky s\u00a0d\u011btmi a\u00a0v\u00fdstavba dvou nov\u00fdch azylov\u00fdch byt\u016f<\/strong>.<\/p>\n<p>Kapacita Azylov\u00e9ho domu Svat\u00e9 M\u00e1\u0159\u00ed Magdaleny v Kralupech nad Vltavou, Minic\u00edch je 37 maminek s d\u011btmi, kapacita Domu na p\u016fl cesty,\u00a0jeho\u017e c\u00edlem je pomoci mlad\u00fdm lidem p\u0159eklenout obdob\u00ed spojen\u00e9 s koncem \u00fastavn\u00ed p\u00e9\u010de a se za\u0159\u00edzen\u00edm \u017eivota na \u201evlastn\u00edch noh\u00e1ch\u201c, je\u00a013 klient\u016f.<\/p>\n<p>Objekt byl postaven na konci 19. stolet\u00ed a p\u016fvodn\u011b slou\u017eil jako \u0161kola. Azylov\u00fd d\u016fm v n\u011bm je v provozu ji\u017e 14 let. V sou\u010dasn\u00e9 dob\u011b se sna\u017e\u00edme d\u016fm opravit a zajistit tak d\u016fstojn\u00e9 bydlen\u00ed pro maminky a klienty, kte\u0159\u00ed se ocitli v nouzi a tuto slu\u017ebu pot\u0159ebuj\u00ed.<\/p>\n<p>B\u011bhem posledn\u00edch dvou let se n\u00e1m poda\u0159ilo vym\u011bnit plynov\u00e9 kotle, kter\u00e9 byly v havarijn\u00edm stavu, provedli jsme odvodn\u011bn\u00ed domu a vym\u011bnili polovinu oken.<\/p>\n<p>To je ale jen kapka v mo\u0159i. <strong>D\u016fm pot\u0159ebuje proj\u00edt kompletn\u00ed rekonstrukc\u00ed<\/strong>.\u010cek\u00e1 n\u00e1s oprava st\u0159echy, nov\u00e9 rozvody vody, elektroinstalace a topen\u00ed. V\u00fdm\u011bna zbytku star\u00fdch \u0161paletov\u00fdch oken je nezbytn\u00e1.<\/p>\n<p>Krom\u011b v\u00fd\u0161e uveden\u00fdch prac\u00ed je z takto z\u00edskan\u00fdch pen\u011bz financov\u00e1na <strong>v\u00fdstavba a za\u0159\u00edzen\u00ed dvou azylov\u00fdch byt\u016f<\/strong> v p\u016fdn\u00ed n\u00e1stavb\u011b st\u00e1vaj\u00edc\u00edho objektu v centru Kralup nad Vltavou. Kapacita azylov\u00e9ho bydlen\u00ed v regionu Kralup se tak roz\u0161\u00ed\u0159\u00ed o dal\u0161\u00ed dv\u011b bytov\u00e9 jednotky.<\/p>\n","protected":false},"excerpt":{"rendered":"<p>\u00da\u010delem projektu je zrekonstruov\u00e1n\u00ed st\u00e1vaj\u00edc\u00edho azylov\u00e9ho domu pro maminky s\u00a0d\u011btmi a\u00a0v\u00fdstavba dvou nov\u00fdch azylov\u00fdch byt\u016f. Kapacita Azylov\u00e9ho domu Svat\u00e9 M\u00e1\u0159\u00ed Magdaleny v Kralupech nad Vltavou, Minic\u00edch je 37 maminek s d\u011btmi, kapacita Domu na p\u016fl cesty,\u00a0jeho\u017e c\u00edlem je pomoci mlad\u00fdm lidem p\u0159eklenout obdob\u00ed spojen\u00e9 s koncem \u00fastavn\u00ed p\u00e9\u010de a se za\u0159\u00edzen\u00edm \u017eivota na \u201evlastn\u00edch noh\u00e1ch\u201c, &hellip; <\/p>\n<p class=\"link-more\"><a href=\"https:\/\/pomoztenampomahat.cz\/?page_id=50\" class=\"more-link\">Pokra\u010dovat ve \u010dten\u00ed<span class=\"screen-reader-text\"> &#8222;O projektu&#8220;<\/span><\/a><\/p>\n","protected":false},"author":1,"featured_media":0,"parent":0,"menu_order":0,"comment_status":"closed","ping_status":"closed","template":"","meta":{"footnotes":""},"class_list":["post-50","page","type-page","status-publish","hentry"],"_links":{"self":[{"href":"https:\/\/pomoztenampomahat.cz\/index.php?rest_route=\/wp\/v2\/pages\/50"}],"collection":[{"href":"https:\/\/pomoztenampomahat.cz\/index.php?rest_route=\/wp\/v2\/pages"}],"about":[{"href":"https:\/\/pomoztenampomahat.cz\/index.php?rest_route=\/wp\/v2\/types\/page"}],"author":[{"embeddable":true,"href":"https:\/\/pomoztenampomahat.cz\/index.php?rest_route=\/wp\/v2\/users\/1"}],"replies":[{"embeddable":true,"href":"https:\/\/pomoztenampomahat.cz\/index.php?rest_route=%2Fwp%2Fv2%2Fcomments&post=50"}],"version-history":[{"count":4,"href":"https:\/\/pomoztenampomahat.cz\/index.php?rest_route=\/wp\/v2\/pages\/50\/revisions"}],"predecessor-version":[{"id":105,"href":"https:\/\/pomoztenampomahat.cz\/index.php?rest_route=\/wp\/v2\/pages\/50\/revisions\/105"}],"wp:attachment":[{"href":"https:\/\/pomoztenampomahat.cz\/index.php?rest_route=%2Fwp%2Fv2%2Fmedia&parent=50"}],"curies":[{"name":"wp","href":"https:\/\/api.w.org\/{rel}","templated":true}]}}