{"id":5,"date":"2018-11-28T10:28:16","date_gmt":"2018-11-28T09:28:16","guid":{"rendered":"http:\/\/pomoztenampomahat.cz\/?page_id=5"},"modified":"2019-10-01T10:30:05","modified_gmt":"2019-10-01T08:30:05","slug":"domu","status":"publish","type":"page","link":"https:\/\/pomoztenampomahat.cz\/","title":{"rendered":""},"content":{"rendered":"<h4 style=\"text-align: center;\">POMOZTE N\u00c1M OPRAVIT AZYLOV\u00dd D\u016eM<\/h4>\n<p style=\"text-align: center;\">Chcete poslat jednor\u00e1zovou DMS? Sta\u010d\u00ed na \u010d\u00edslo <strong>87 777<\/strong> poslat SMS<br \/>\npodle Va\u0161eho v\u00fdb\u011bru v hodnot\u011b 30,60 nebo 90 K\u010d ve tvaru:<\/p>\n<p style=\"text-align: center;\"><strong>DMS FCHKRALUPY 30<\/strong><br \/>\n<strong>DMS FCHKRALUPY 60<\/strong><br \/>\n<strong>DMS FCHKRALUPY 90<\/strong><\/p>\n<p style=\"text-align: center;\">Chcete projekt podporovat dlouhodob\u011b? Sta\u010d\u00ed na \u010d\u00edslo <strong>87 777<\/strong><br \/>\nposlat SMS podle Va\u0161eho v\u00fdb\u011bru v hodnot\u011b 30,60 nebo 90 K\u010d ve tvaru:<strong>\u00a0 \u00a0 \u00a0 \u00a0 \u00a0 \u00a0 \u00a0 \u00a0 \u00a0 \u00a0 \u00a0 \u00a0 \u00a0 \u00a0 \u00a0\u00a0<\/strong><\/p>\n<p style=\"text-align: center;\"><strong>\u00a0DMS TRV FCHKRALUPY 30<\/strong><br \/>\n<strong>DMS TRV FCHKRALUPY 60<\/strong><br \/>\n<strong>DMS TRV FCHKRALUPY 90<\/strong><\/p>\n<p style=\"text-align: center;\">A a\u017e do va\u0161eho odvol\u00e1n\u00ed budete p\u0159isp\u00edvat ka\u017ed\u00fd m\u011bs\u00edc V\u00e1mi zvolenou<br \/>\n\u010d\u00e1stkou.<\/p>\n<p style=\"text-align: center;\">Dal\u0161\u00ed informace na <a href=\"https:\/\/www.darcovskasms.cz\/projekt-1198\/dustojne-bydleni-pro-opustene-maminky-s-detmi.html\" target=\"_blank\" rel=\"noopener\">www.darcovskasms.cz<\/a><\/p>\n<p>&nbsp;<\/p>\n<p>&nbsp;<\/p>\n<table>\n<caption>\n<h4>DMS tak\u00e9 m\u016f\u017eete poslat pomoc\u00ed QR k\u00f3du:<\/h4>\n<\/caption>\n<tbody>\n<tr>\n<td>QR k\u00f3d pro zasl\u00e1n\u00ed jednor\u00e1zov\u00e9 DMS v\u00a0hodnot\u011b 30,- K\u010d:<\/td>\n<td>QR k\u00f3d pro zasl\u00e1n\u00ed jednor\u00e1zov\u00e9 DMS v\u00a0hodnot\u011b 60,- K\u010d:<\/td>\n<td>QR k\u00f3d pro zasl\u00e1n\u00ed jednor\u00e1zov\u00e9 DMS v\u00a0hodnot\u011b 90,- K\u010d:<\/td>\n<\/tr>\n<tr>\n<td><img loading=\"lazy\" decoding=\"async\" class=\"alignnone size-full wp-image-133\" src=\"http:\/\/pomoztenampomahat.cz\/wp-content\/uploads\/qr_30-1.png\" alt=\"\" width=\"168\" height=\"168\" srcset=\"https:\/\/pomoztenampomahat.cz\/wp-content\/uploads\/qr_30-1.png 198w, https:\/\/pomoztenampomahat.cz\/wp-content\/uploads\/qr_30-1-150x150.png 150w, https:\/\/pomoztenampomahat.cz\/wp-content\/uploads\/qr_30-1-100x100.png 100w\" sizes=\"(max-width: 168px) 100vw, 168px\" \/><\/td>\n<td><img loading=\"lazy\" decoding=\"async\" class=\"alignnone size-full wp-image-117\" src=\"http:\/\/pomoztenampomahat.cz\/wp-content\/uploads\/qr_60.png\" alt=\"\" width=\"167\" height=\"169\" srcset=\"https:\/\/pomoztenampomahat.cz\/wp-content\/uploads\/qr_60.png 167w, https:\/\/pomoztenampomahat.cz\/wp-content\/uploads\/qr_60-100x100.png 100w\" sizes=\"(max-width: 167px) 100vw, 167px\" \/><\/td>\n<td><img loading=\"lazy\" decoding=\"async\" class=\"alignnone size-full wp-image-119\" src=\"http:\/\/pomoztenampomahat.cz\/wp-content\/uploads\/qr_90.png\" alt=\"\" width=\"168\" height=\"171\" \/><\/td>\n<\/tr>\n<tr>\n<td>QR k\u00f3d pro zasl\u00e1n\u00ed trval\u00e9 DMS v\u00a0hodnot\u011b 30,- K\u010d:<\/td>\n<td>QR k\u00f3d pro zasl\u00e1n\u00ed trval\u00e9 DMS v\u00a0hodnot\u011b 60,- K\u010d:<\/td>\n<td>QR k\u00f3d pro zasl\u00e1n\u00ed trval\u00e9 DMS v\u00a0hodnot\u011b 90,- K\u010d:<\/td>\n<\/tr>\n<tr>\n<td><img loading=\"lazy\" decoding=\"async\" class=\"alignnone size-full wp-image-121\" src=\"http:\/\/pomoztenampomahat.cz\/wp-content\/uploads\/qr_trv_30.png\" alt=\"\" width=\"168\" height=\"167\" srcset=\"https:\/\/pomoztenampomahat.cz\/wp-content\/uploads\/qr_trv_30.png 168w, https:\/\/pomoztenampomahat.cz\/wp-content\/uploads\/qr_trv_30-150x150.png 150w, https:\/\/pomoztenampomahat.cz\/wp-content\/uploads\/qr_trv_30-100x100.png 100w\" sizes=\"(max-width: 168px) 100vw, 168px\" \/><\/td>\n<td><img loading=\"lazy\" decoding=\"async\" class=\"alignnone size-full wp-image-123\" src=\"http:\/\/pomoztenampomahat.cz\/wp-content\/uploads\/qr_trv_60.png\" alt=\"\" width=\"173\" height=\"168\" \/><\/td>\n<td><img loading=\"lazy\" decoding=\"async\" class=\"alignnone size-full wp-image-125\" src=\"http:\/\/pomoztenampomahat.cz\/wp-content\/uploads\/qr_trv_90.png\" alt=\"\" width=\"169\" height=\"165\" \/><\/td>\n<\/tr>\n<\/tbody>\n<\/table>\n<p>D\u00e1rce m\u016f\u017ee svoji trvalou podporu kdykoliv dle sv\u00e9ho uv\u00e1\u017een\u00ed bezplatn\u011b odvolat zasl\u00e1n\u00edm SMS ve tvaru STOP FCHKRALUPY na\u00a087 777<\/p>\n<p>&nbsp;<\/p>\n","protected":false},"excerpt":{"rendered":"<p>POMOZTE N\u00c1M OPRAVIT AZYLOV\u00dd D\u016eM Chcete poslat jednor\u00e1zovou DMS? Sta\u010d\u00ed na \u010d\u00edslo 87 777 poslat SMS podle Va\u0161eho v\u00fdb\u011bru v hodnot\u011b 30,60 nebo 90 K\u010d ve tvaru: DMS FCHKRALUPY 30 DMS FCHKRALUPY 60 DMS FCHKRALUPY 90 Chcete projekt podporovat dlouhodob\u011b? Sta\u010d\u00ed na \u010d\u00edslo 87 777 poslat SMS podle Va\u0161eho v\u00fdb\u011bru v hodnot\u011b 30,60 nebo 90 &hellip; <\/p>\n<p class=\"link-more\"><a href=\"https:\/\/pomoztenampomahat.cz\/\" class=\"more-link\">Pokra\u010dovat ve \u010dten\u00ed<span class=\"screen-reader-text\"> &#8222;&#8220;<\/span><\/a><\/p>\n","protected":false},"author":1,"featured_media":0,"parent":0,"menu_order":0,"comment_status":"closed","ping_status":"closed","template":"","meta":{"footnotes":""},"class_list":["post-5","page","type-page","status-publish","hentry"],"_links":{"self":[{"href":"https:\/\/pomoztenampomahat.cz\/index.php?rest_route=\/wp\/v2\/pages\/5"}],"collection":[{"href":"https:\/\/pomoztenampomahat.cz\/index.php?rest_route=\/wp\/v2\/pages"}],"about":[{"href":"https:\/\/pomoztenampomahat.cz\/index.php?rest_route=\/wp\/v2\/types\/page"}],"author":[{"embeddable":true,"href":"https:\/\/pomoztenampomahat.cz\/index.php?rest_route=\/wp\/v2\/users\/1"}],"replies":[{"embeddable":true,"href":"https:\/\/pomoztenampomahat.cz\/index.php?rest_route=%2Fwp%2Fv2%2Fcomments&post=5"}],"version-history":[{"count":17,"href":"https:\/\/pomoztenampomahat.cz\/index.php?rest_route=\/wp\/v2\/pages\/5\/revisions"}],"predecessor-version":[{"id":139,"href":"https:\/\/pomoztenampomahat.cz\/index.php?rest_route=\/wp\/v2\/pages\/5\/revisions\/139"}],"wp:attachment":[{"href":"https:\/\/pomoztenampomahat.cz\/index.php?rest_route=%2Fwp%2Fv2%2Fmedia&parent=5"}],"curies":[{"name":"wp","href":"https:\/\/api.w.org\/{rel}","templated":true}]}}